r?
False
Suppose -z - 2*z = -4*f - 250, 0 = 3*f - 15. Suppose -z*r - 3084 = -94*r. Is r a prime number?
False
Suppose 0 = 1975*v - 1936*v - 7743430 - 17943569. Is v a prime number?
False
Let j(l) = -5*l**2 + 9*l - 13. Let o be j(11). Let i = o - -1270. Is i a composite number?
False
Let b be 162/10 + (-2)/10. Suppose 0 = 13*y - b*y + 3093. Is y a composite number?
False
Is (9/3)/((-36)/(-48)) - -232069 prime?
True
Let r = -197427 - -408818. Is r prime?
False
Let t(l) = -11*l - 11*l + 13 - 12*l. Is t(-16) composite?
False
Is (-1071209781)/(-1745) - (-4)/10*-2 a prime number?
False
Let b(y) = -812*y - 11926. Is b(-72) a composite number?
True
Let l be ((-25)/10 + 0)*-2. Suppose -3*z + 3*u + 654 = 0, l*z = 4*u - 639 + 1724. Is z composite?
True
Let g(v) = -v**3 - v**2 - 4*v + 3. Let j be g(1). Is (-4955)/(-2 + j/(-3)) composite?
True
Let k(b) = -4*b**2 - 27 - 4*b - 12 + 31 + 3*b**2 + 4*b**2 - 14*b**3. Let v(f) = -f - 13. Let g be v(-10). Is k(g) prime?
True
Let h(u) = 20*u + 8121. Let c = 499 - 499. Is h(c) prime?
False
Let l(x) = 2*x**3 + 19*x**2 + 10*x + 15. Let u be l(-9). Is (-17)/17 + 772*u composite?
True
Suppose -5*l = -2*a - 62380, 2*l + 5*a = -2*l + 49937. Let y be (4 - (-13)/(-4)) + l/(-8). Let r = y - -3790. Is r composite?
True
Let z = -47366 - -87819. Is z a prime number?
False
Is -5 - (-2 + (1 - 0))/((-54)/(-115325424)) a composite number?
True
Let r(u) = -1524*u - 74. Let i be r(-4). Suppose 0 = -107*p + 109*p - i. Is p a composite number?
False
Suppose 8 = 3*o - 22. Let f(k) = 636*k + 29. Is f(o) prime?
True
Let c(a) = 2*a**2 - 13*a - 6. Let r be c(7). Is -1*((r - 1898) + -4) prime?
True
Let p be (-6)/(-3)*(37/2)/(-1). Let m = p - -45. Suppose -7*y - 127 = -m*y. Is y composite?
False
Let a(n) = 19*n**3 + 7*n**2 + 3. Let o(t) = -18*t**3 - 6*t**2 - 2. Let s(g) = 2*g - 12. Let d be s(4). Let j(h) = d*a(h) - 5*o(h). Is j(2) prime?
False
Suppose -26*v - 35*v + 79246535 + 1530702 = 0. Is v composite?
False
Suppose -2*x + 12*x + 10628 = 132658. Is x a prime number?
True
Let i(t) = 19623*t**2 + 453*t - 901. Is i(2) prime?
True
Suppose -2*m + 60 = m. Let o(x) = -21*x + 2. Let k(c) = c + 1. Let g(l) = -k(l) - o(l). Is g(m) a prime number?
True
Suppose 5*d = -3*d + 16. Suppose -215 = -p + z, d*p - 2*z + z - 432 = 0. Let b = -134 + p. Is b prime?
True
Let p(q) = 5*q**3 - 2*q**2 - 9*q - 8. Let x be p(-1). Is 3237 - 1 - (9 + x) a prime number?
False
Let y = -9 + 11. Suppose 4*b = -5*h + 21619, -6*h + y*b = -8*h + 8646. Is h composite?
False
Let s be 17/(-1) - (-5)/(-10)*-4. Let k(x) be the first derivative of -37*x**2/2 + 32*x + 11. Is k(s) a prime number?
True
Suppose -3*w - 6 = 0, -g + w = -4*w - 73056. Is g a prime number?
False
Let r(t) = 129*t**3 - 23*t**2 - 57*t + 253. Is r(6) prime?
True
Let m(j) = j**3 + 8*j**2 - 2*j - 9. Let d be m(-8). Suppose d*r - 1289 + 246 = 0. Suppose -p = -y + 785 - r, 2*y + p = 1269. Is y a composite number?
True
Let d(f) = 3093*f**2 + 23*f - 73. Is d(4) composite?
True
Suppose 16*l + 5 = 11*l. Let u be 36/(-4) + (3 + -1)*l. Is u/((-17)/85 - 352/(-1810)) a composite number?
True
Is -3*((-280)/24 - -12)*-82526 a prime number?
False
Let w(n) be the first derivative of -11*n**3/3 - 10*n**2 + 23*n + 6. Let p be w(-10). Is p*(-1)/(-3)*-3 a composite number?
False
Suppose 4*x - 16 = -0*x. Let j = -310 - -391. Suppose -4*v + j = m, x*v + 151 = 2*m + v. Is m a composite number?
True
Let y = 52 - 18. Suppose -50744 = y*t - 42*t. Is t prime?
True
Let a(b) = -6734*b - 1069. Is a(-4) a prime number?
True
Let c(r) = 1114*r**3 - r**2 + 2*r - 4. Let n be 1*((3 - -1) + 3). Let a(b) = 3343*b**3 - 3*b**2 + 6*b - 13. Let h(i) = n*c(i) - 2*a(i). Is h(1) composite?
True
Let m(r) = -42*r**3 - 17*r - 10. Let q be m(6). Let i = q - -13381. Is i composite?
True
Let h = 3635 + 8423. Is h prime?
False
Suppose 69*f - 204 = 18*f. Suppose -5*h + 73893 = -2*n, -f*h + 3*n - 14766 = -73886. Is h prime?
False
Let j be -4*(-11 + 4) - -2. Let g be 968/j*-23 - 2/(-15). Is g/(-4) - (-9)/18 - 1 a prime number?
False
Let o = 17669 - 5501. Suppose r = 4*a - o, -13131 - 2064 = -5*a + 5*r. Is a a prime number?
False
Let p(q) = -1623*q - 8. Let d be 6/(-33) + ((-93)/(-11))/(-3). Is p(d) prime?
True
Suppose 286*t - 5223531 = 255*t. Is t composite?
True
Let s(b) = b**3 - 5*b**2 - 11*b - 5. Let r be s(8). Suppose 2*y - r = 43. Suppose -3*l + 3*j = -6*l + 249, y = l - 2*j. Is l prime?
True
Let s = 723121 - 347454. Is s composite?
False
Is 132/(-286) + (-53475510)/(-78) a composite number?
True
Suppose -11 - 69 = -16*s. Suppose s*j = -1827 - 6533. Let q = 4305 + j. Is q prime?
True
Suppose 3*v = 9, -3*t = -4*t - 5*v + 14. Is t + 3160 - (16 - 20) a prime number?
True
Let v(r) = 984*r**2 - 39*r - 223. Is v(-8) composite?
True
Let v = 2334728 + -1049757. Is v a composite number?
False
Let j(m) = 4*m**2 + 8*m + 2. Let t be j(13). Let q = -1502 + t. Let w = 1307 + q. Is w composite?
False
Let f(d) = d**3 + 13*d**2 + 17*d + 59333. Is f(0) a prime number?
True
Suppose -292*f + 8 = -288*f - 2*u, -f + 4*u = 5. Let w(t) be the first derivative of 285*t**2/2 - 4*t - 1. Is w(f) a prime number?
False
Let q be (-1948)/6*(-195)/(-20)*-6. Suppose -4*y + 5*u + 37971 = -0*y, 0 = -2*y - 5*u + q. Suppose b = 1223 + y. Is b a prime number?
False
Suppose 0 = l, 19*u + 2*l = 23*u - 16. Let t be ((-4)/(-10))/(2/10). Suppose -t*a = 5*n - 2893, -n = u*a + 2*n - 5821. Is a prime?
True
Let a = 255 - 265. Is 6065/((-1)/a - 9/(-10)) composite?
True
Let y be (-1)/(0 + (-2)/18). Let u(n) = -5*n**3 + 2*n**2 - 2. Let o(i) = 14*i**3 - 6*i**2 + i + 6. Let h(m) = -6*o(m) - 17*u(m). Is h(y) prime?
False
Let w(a) = a**3 + 29*a**2 - 9*a + 318. Is w(-28) composite?
True
Suppose 4*d = 2*w - 17042, 0 = -4*w - d + 19924 + 14232. Is w composite?
False
Is 2/7 - (1341390/(-70) + 6) composite?
False
Let s(f) = 39*f**2 + f - 11. Suppose -5*y - w - 20 = w, 3*y - 2*w + 12 = 0. Let j be s(y). Suppose 0*l = 3*l - j. Is l a prime number?
False
Let k = 35095 - 16458. Is k a composite number?
False
Is (8 + -3 + -722)*(-123)/9 a composite number?
True
Is (93677970/3906 + (-3)/((-63)/(-2)))*1 a prime number?
False
Let r = 909 + -71. Let i = 1635 - r. Is i prime?
True
Let l(n) = 7*n**2 + 2*n - 4*n**2 + 13 - n**3 + 8*n**2. Suppose -192 = -660*q + 684*q. Is l(q) composite?
False
Let f = 1375 - 355. Suppose l - 5*l - 16 = 0, 5*x - f = -5*l. Suppose -4*d = -x + 72. Is d a prime number?
False
Let t(n) = -11*n**3 - 5*n**2 + 22*n - 37. Is t(-13) a composite number?
True
Let k(y) = -y**2 - 35*y - 68. Let b be k(-33). Is (4/3)/b*(-265551)/286 a prime number?
True
Let r(x) = 1930*x + 4668*x - 3 + 3118*x. Is r(1) prime?
False
Is (49845088/20)/17 + 2/30*-3 a composite number?
False
Let h = -9 + 2302. Is h composite?
False
Suppose -m - g = 5, 0*m + 3*m = 2*g + 10. Suppose -5*q + m*q + 2590 = 0. Is (q/(-5))/((-20)/50) a prime number?
False
Let g(x) = -292*x + 3. Let l(v) = v - 5. Let k = -23 - -26. Let c be l(k). Is g(c) prime?
True
Let q be (-2 - 0) + 30/(-3 - -5). Is -1 + (6 - -368)*q a prime number?
True
Let b(s) = -2*s + 0*s - s + 2*s. Let q be b(6). Is (30088/(-24))/(2/q) prime?
True
Let s = 1205659 + -644028. Is s composite?
True
Suppose 63*r - 35*r = 31*r - 10359. Is r a prime number?
False
Let c be (216/84)/(6/28). Let u be (-4)/1*c/(-16). Suppose 0*q = 3*q + u*m - 1242, -1661 = -4*q - 3*m. Is q prime?
True
Let a = -542245 - -1139916. Is a a prime number?
True
Let s be 5/2*5*28/50. Suppose -s = f - 3*l, 4 = -4*l - 0. Is 4/f + (-35516)/(-65) - 1 a prime number?
False
Let f(g) = -g**2 - 20*g - 9. Let z be f(-19). Suppose 1321 = z*o + 211. Is o a prime number?
False
Suppose 236101 = -14*x + 3212387 + 1463856. Is x composite?
True
Let o(q) = -4*q - 2. Let s be o(-4). Let r = -197 - -182. Is (-10037)/r + 1*s/(-105) a composite number?
True
Let y(d) = 3*d + 45. Let u be y(-18). Is (70/45)/7 - 25720/u prime?
False
Let f = 624 - 222. Let o = f + 401. Suppose 152 = 5*c - o. Is c a prime number?
True
Let i(m) = -160584*m + 1565. Is i(-4) composite?
True
Let d = 127876 + 121827. Is d a composite number?
False
Let r(c) be the first derivative of 3*c**2/2 - 58*c + 36. Let p be r(20). Suppose p*m - 1243 = 3*s, 0*m - 3*m - 3*s + 1872 = 0. Is m prime?
False
Suppose -4*q + 41 = 5*d, -3*d - 5*q + 4 = -31. Suppose d*r + 10 = 0, -k - 4*k